n base 2, what is -1011010100111 - 1001111?
-1011011110110
In base 12, what is -5 + 6b113?
6b10a
In base 16, what is 1683a - -d?
16847
In base 13, what is -47a + 3?
-477
In base 12, what is 41bb2 + 3?
41bb5
In base 5, what is -21 - 10012443?
-10013014
In base 7, what is -66530565 - -5?
-66530560
In base 12, what is -36 + 276?
240
In base 4, what is 10202311 - 123?
10202122
In base 11, what is -4 + -20a45?
-20a49
In base 16, what is 10c2 + -3?
10bf
In base 9, what is 460537 + -3?
460534
In base 7, what is -5 + 1332250?
1332242
In base 12, what is 612a - -155?
6283
In base 14, what is -1 - b828?
-b829
In base 16, what is 3 + -17236?
-17233
In base 2, what is -1100010001001 + -10100001?
-1100100101010
In base 3, what is -11200011021201 + -11?
-11200011021212
In base 10, what is 1 - -3764?
3765
In base 15, what is 17444 - -4?
17448
In base 12, what is -131a68a - 4?
-131a692
In base 5, what is -3133014 - -3?
-3133011
In base 14, what is 826c - 0?
826c
In base 16, what is -44 - -2459?
2415
In base 3, what is 100110 + 10110000?
10210110
In base 5, what is 44203 + -24?
44124
In base 13, what is -271 - -2588?
2317
In base 8, what is -33 - -4732?
4677
In base 12, what is 1451b5 + -3?
1451b2
In base 9, what is -170 + 5482?
5312
In base 15, what is -59a2 + -2?
-59a4
In base 3, what is 22 + -11221221000?
-11221220201
In base 12, what is 5a78 - 4?
5a74
In base 2, what is -11 + -10100101000100?
-10100101000111
In base 8, what is 3 + -1463636?
-1463633
In base 13, what is 2 + 92?
94
In base 11, what is 2 - -117a9?
11800
In base 12, what is 5 + 49b9?
4a02
In base 14, what is 53 + -8d6?
-883
In base 4, what is -220 - 1232221?
-1233101
In base 3, what is -1100 + 10011212?
10010112
In base 10, what is -432 + -27?
-459
In base 4, what is 101 - -23000?
23101
In base 13, what is -5 + 1b43?
1b3b
In base 2, what is 100 - -10101001010111000111?
10101001010111001011
In base 3, what is -2002020111 - -200?
-2002012211
In base 5, what is 2100300 - -112?
2100412
In base 15, what is -4b - b27?
-b73
In base 7, what is -5 + -116211?
-116216
In base 9, what is -4 - 275135?
-275140
In base 12, what is 2 + -154?
-152
In base 9, what is 3660 + -42?
3617
In base 7, what is 42 - 2023?
-1651
In base 11, what is 195 - -4351?
4536
In base 16, what is 61f0ed - -4?
61f0f1
In base 10, what is -28897 + 14?
-28883
In base 3, what is -2010022 - 1010?
-2011102
In base 10, what is 6366 - 2?
6364
In base 5, what is -113024 - 11?
-113040
In base 4, what is 111220 + 1100?
112320
In base 9, what is -2165 + 35?
-2130
In base 10, what is 3 + 7158?
7161
In base 6, what is 0 - -1233153?
1233153
In base 6, what is -105243 + 150?
-105053
In base 13, what is 0 - 6028?
-6028
In base 15, what is 30 + d4?
114
In base 8, what is 12 - -5442?
5454
In base 10, what is -5 + 39742?
39737
In base 11, what is 92 + 6246?
6328
In base 13, what is 182 + 4c?
201
In base 3, what is -122012 - -2010?
-120002
In base 4, what is -11131310 + 3?
-11131301
In base 9, what is 22352 - 5?
22346
In base 11, what is 1032 + -711?
421
In base 5, what is 3 - 2043014?
-2043011
In base 7, what is -32 + 26315?
26253
In base 8, what is -213 - 4760?
-5173
In base 8, what is -577 + -1567?
-2366
In base 15, what is 5 - -14a030?
14a035
In base 3, what is 12 + 111222100?
111222112
In base 9, what is -5656 + 10?
-5646
In base 12, what is -19 - -14b4?
1497
In base 2, what is -11001 + 11000011010?
11000000001
In base 2, what is 10101000 + 1001010?
11110010
In base 9, what is 256 - 5246?
-4880
In base 8, what is -10362 + -167?
-10551
In base 6, what is -1044134 - 4?
-1044142
In base 11, what is 3 - 86a7?
-86a4
In base 12, what is 3 + -a263?
-a260
In base 2, what is -101001001000 - -10?
-101001000110
In base 10, what is 4 - 744318?
-744314
In base 14, what is 563d - -b?
564a
In base 2, what is 111 + 10100011001111100?
10100011010000011
In base 6, what is -150525 - -2?
-150523
In base 16, what is 1cbf1 - -1?
1cbf2
In base 4, what is -13031033 + 120?
-13030313
In base 12, what is -56536 - 4?
-5653a
In base 13, what is 3 + 178b?
1791
In base 16, what is d925 + 4?
d929
In base 16, what is -195d3b - -3?
-195d38
In base 13, what is -1 - 59b57?
-59b58
In base 12, what is 47 - 3a78?
-3a31
In base 4, what is -131110221 + -103?
-131110330
In base 10, what is -35242 + 20?
-35222
In base 13, what is -132111 + -5?
-132116
In base 5, what is 23 - -223001?
223024
In base 2, what is 10011100110 - -1000101000?
11100001110
In base 7, what is -2630 - 6420?
-12350
In base 11, what is 443 + 1a2?
635
In base 13, what is 65c58 + -1?
65c57
In base 14, what is 225620 + 4?
225624
In base 12, what is -1255 + 529?
-928
In base 2, what is -100 + 100110111100110101?
100110111100110001
In base 10, what is -518137 - 1?
-518138
In base 7, what is -1456 + -234?
-2023
In base 6, what is 43444214 + 0?
43444214
In base 10, what is 570 - -903?
1473
In base 4, what is 0 - 1102302?
-1102302
In base 9, what is 3315400 - 4?
3315385
In base 16, what is -17a1 + -2f3?
-1a94
In base 9, what is -202202 + 4?
-202187
In base 2, what is 1011000100 - -10110010?
1101110110
In base 3, what is 10 - 120020220101?
-120020220021
In base 15, what is -113 - -150e?
13eb
In base 6, what is -1335211 - 5?
-1335220
In base 10, what is -22 - -322?
300
In base 11, what is 0 - 84869?
-84869
In base 15, what is -137ea - 1?
-137eb
In base 12, what is 2 + -11566?
-11564
In base 12, what is 3 - 176b7?
-176b4
In base 5, what is -10 - 10013000?
-10013010
In base 7, what is -160460 + 50?
-160410
In base 6, what is 2021 + 11550?
14011
In base 10, what is 17 + 142214?
142231
In base 14, what is 7762 + 13?
7775
In base 9, what is -65 + 13302?
13226
In base 4, what is 230 - 100221?
-33331
In base 5, what is 10131110 + -1?
10131104
In base 14, what is 1 - -b334?
b335
In base 8, what is -12 + 226122?
226110
In base 6, what is -2 - 4333044?
-4333050
In base 9, what is 182 - -441?
633
In base 8, what is 537 + 21?
560
In base 8, what is -63 - -5067?
5004
In base 8, what is -153 - -613?
440
In base 11, what is 27201a + 1?
272020
In base 4, what is 2 + -1020301?
-1020233
In base 6, what is 25334 - -33?
25411
In base 3, what is -1122202021 - -11?
-1122202010
In base 8, what is 10 + 61741?
61751
In base 4, what is -1301122 + -33?
-1301221
In base 5, what is -231142 + 3?
-231134
In base 10, what is -5 - 9491?
-9496
In base 13, what is 7 - 2b236?
-2b22c
In base 5, what is -320 + 230003?
224133
In base 7, what is -23061 + -23?
-23114
In base 11, what is -970821 + -2?
-970823
In base 6, what is 3235 - 3541?
-302
In base 9, what is 11 + -2301?
-2280
In base 14, what is -33607 - -19?
-335cc
In base 6, what is -1142355 + 0?
-1142355
In base 9, what is -1632 - -38?
-1583
In base 3, what is -110 - 221122211210?
-221122212020
In base 10, what is -3767 - 15?
-3782
In base 5, what is -23332 + 42?
-23240
In base 3, what is -100121211101 - 2?
-100121211110
In base 16, what is -d1 + 1f9?
128
In base 10, what is -63530 + 39?
-63491
In base 11, what is -5 + 26219a?
262195
In base 3, what is -11111 - -212001?
200120
In base 12, what is -4 - 54a1?
-54a5
In base 15, what is -18 + -ae6b?
-ae84
In base 7, what is -34 + 1116010?
1115643
In base 13, what is 3c9 - 27?
3a2
In base 7, what is -163 - 321?
-514
In base 3, what is -2102022 - -10121?
-2021201
In base 4, what is 1222030 + -232?
1221132
In base 11, what is 128 + 2794?
2911
In base 12, what is -26b0b + -3?
-26b12
In base 11, what is 11a58 + 8?
11a65
In base 5, what is 102202031 - 10?
102202021
In base 8, what is 5 + -37170?
-37163
In base 2, what is 100111010 + 1011011110?
10000011000
In base 14, what is -2781c0 - -5?
-2781b9
In base 13, what is 78727 - 1?
78726
In base 4, what is -312 + -2033?
-3011
In base 9, what is -1133830 + 2?
-1133827
In base 6, what is 1 + -4252?
-4251
In base 14, what is 3516 - 5?
3511
In base 9, what is -2 + -31223?
-31225
In base 9, what is -41134 - 8?
-41143
In base 16, what is 1337 - -52?
1389
In base 10, what is 432 - 4?
428
In base 10, what is 5235 - -17?
5252
In base 14, what is 3b5 - -3d8?
7ad
In base 9, what is -5 + -674534?
-674540
In base 13, what is 17 + -529?
-512
In base 8, what is -113 + 5222?
5107
In base 16, what is a - f93?
-f89
In base 10, what is 41490 + 0?
41490
In base 7, what is -6 + -133555?
-133564
In base 14, what is -438446 - 0?
-438446
In bas